{"id":9505,"date":"2021-08-13T18:06:16","date_gmt":"2021-08-13T16:06:16","guid":{"rendered":"https:\/\/mebelunams.lv\/?post_type=product&#038;p=9505"},"modified":"2026-01-05T17:59:12","modified_gmt":"2026-01-05T15:59:12","slug":"spogulgaldins-klasik","status":"publish","type":"product","link":"https:\/\/mebelunams.lv\/?product=spogulgaldins-klasik","title":{"rendered":"spogu\u013cgaldi\u0146\u0161 Klasik"},"content":{"rendered":"","protected":false},"excerpt":{"rendered":"<p><strong>\u2192 (platums)<\/strong> : 100 cm<\/p>\n<p><strong>\u2191 (augstums)<\/strong> : 75 cm<\/p>\n<p><strong>\/ (dzi\u013cums)<\/strong> : 50 cm<\/p>\n<p><strong>materi\u0101ls<\/strong>: melnalksnis<\/p>\n<p>iesp\u0113ja pas\u016bt\u012bt cit\u0101s kr\u0101s\u0101s:<\/p>\n<p>&nbsp;<\/p>\n<p>rieksta tonis +15%<\/p>\n<p>piena tonis +20%<\/p>\n<p>mahagona tonis +30%<\/p>\n<p>soli\u0146\u0161- 50 Eur<\/p>\n","protected":false},"featured_media":9507,"template":"","meta":{"neve_meta_sidebar":"","neve_meta_container":"","neve_meta_enable_content_width":"off","neve_meta_content_width":70,"neve_meta_title_alignment":"","neve_meta_author_avatar":"","neve_post_elements_order":"","neve_meta_disable_header":"","neve_meta_disable_footer":"","neve_meta_disable_title":""},"product_cat":[3215],"product_tag":[],"_links":{"self":[{"href":"https:\/\/mebelunams.lv\/index.php?rest_route=\/wp\/v2\/product\/9505"}],"collection":[{"href":"https:\/\/mebelunams.lv\/index.php?rest_route=\/wp\/v2\/product"}],"about":[{"href":"https:\/\/mebelunams.lv\/index.php?rest_route=\/wp\/v2\/types\/product"}],"wp:featuredmedia":[{"embeddable":true,"href":"https:\/\/mebelunams.lv\/index.php?rest_route=\/wp\/v2\/media\/9507"}],"wp:attachment":[{"href":"https:\/\/mebelunams.lv\/index.php?rest_route=%2Fwp%2Fv2%2Fmedia&parent=9505"}],"wp:term":[{"taxonomy":"product_cat","embeddable":true,"href":"https:\/\/mebelunams.lv\/index.php?rest_route=%2Fwp%2Fv2%2Fproduct_cat&post=9505"},{"taxonomy":"product_tag","embeddable":true,"href":"https:\/\/mebelunams.lv\/index.php?rest_route=%2Fwp%2Fv2%2Fproduct_tag&post=9505"}],"curies":[{"name":"wp","href":"https:\/\/api.w.org\/{rel}","templated":true}]}}