{"id":6407,"date":"2021-06-10T09:18:04","date_gmt":"2021-06-10T07:18:04","guid":{"rendered":"https:\/\/mebelunams.lv\/?post_type=product&#038;p=6407"},"modified":"2025-08-07T15:14:19","modified_gmt":"2025-08-07T13:14:19","slug":"%d0%b4%d0%b8%d0%b2%d0%b0%d0%bd-martins","status":"publish","type":"product","link":"https:\/\/mebelunams.lv\/?product=%D0%B4%D0%B8%D0%B2%D0%B0%D0%BD-martins&lang=ru","title":{"rendered":"\u0434\u0438\u0432\u0430\u043d M\u0101rti\u0146\u0161"},"content":{"rendered":"","protected":false},"excerpt":{"rendered":"<address>\n<address><strong>\u0441\u043f\u0430\u043b\u044c\u043d\u043e\u0435 \u043c\u0435\u0441\u0442\u043e:<\/strong><\/address>\n<address>\n<address>90 * 195 cm = 670.- eiro<\/address>\n<address>120 * 195 cm = 770.- eiro<\/address>\n<address>140 * 195 cm = 890.- eiro<\/address>\n<address>160 * 195 cm = 960.- eiro<\/address>\n<\/address>\n<address>\u00a0<\/address>\n<address>\u044f\u0449\u0438\u043a \u0434\u043b\u044f \u0431\u0435\u043b\u044c\u044f<\/address>\n<address>\n<address>\u00a0<\/address>\n<\/address>\n<\/address>\n","protected":false},"featured_media":6408,"template":"","meta":{"neve_meta_sidebar":"","neve_meta_container":"","neve_meta_enable_content_width":"off","neve_meta_content_width":70,"neve_meta_title_alignment":"","neve_meta_author_avatar":"","neve_post_elements_order":"","neve_meta_disable_header":"","neve_meta_disable_footer":"","neve_meta_disable_title":""},"product_cat":[140],"product_tag":[],"_links":{"self":[{"href":"https:\/\/mebelunams.lv\/index.php?rest_route=\/wp\/v2\/product\/6407"}],"collection":[{"href":"https:\/\/mebelunams.lv\/index.php?rest_route=\/wp\/v2\/product"}],"about":[{"href":"https:\/\/mebelunams.lv\/index.php?rest_route=\/wp\/v2\/types\/product"}],"wp:featuredmedia":[{"embeddable":true,"href":"https:\/\/mebelunams.lv\/index.php?rest_route=\/wp\/v2\/media\/6408"}],"wp:attachment":[{"href":"https:\/\/mebelunams.lv\/index.php?rest_route=%2Fwp%2Fv2%2Fmedia&parent=6407"}],"wp:term":[{"taxonomy":"product_cat","embeddable":true,"href":"https:\/\/mebelunams.lv\/index.php?rest_route=%2Fwp%2Fv2%2Fproduct_cat&post=6407"},{"taxonomy":"product_tag","embeddable":true,"href":"https:\/\/mebelunams.lv\/index.php?rest_route=%2Fwp%2Fv2%2Fproduct_tag&post=6407"}],"curies":[{"name":"wp","href":"https:\/\/api.w.org\/{rel}","templated":true}]}}