{"id":3590,"date":"2021-06-04T15:27:53","date_gmt":"2021-06-04T13:27:53","guid":{"rendered":"https:\/\/mebelunams.lv\/?post_type=product&#038;p=3590"},"modified":"2023-06-30T11:50:05","modified_gmt":"2023-06-30T09:50:05","slug":"kumode-clasik-4a2d","status":"publish","type":"product","link":"https:\/\/mebelunams.lv\/?product=kumode-clasik-4a2d","title":{"rendered":"kumode Klasik 4A2D"},"content":{"rendered":"","protected":false},"excerpt":{"rendered":"<table class=\"listing\">\n<tbody>\n<tr>\n<td valign=\"top\"><strong>Augstums:<\/strong><\/td>\n<td>75cm<\/td>\n<\/tr>\n<tr>\n<td valign=\"top\"><strong>Platums:<\/strong><\/td>\n<td>150 cm<\/td>\n<\/tr>\n<tr>\n<td valign=\"top\"><strong>Dzi\u013cums:<\/strong><\/td>\n<td>50 cm<\/td>\n<\/tr>\n<\/tbody>\n<\/table>\n<p>Kumode no dab\u012bga koka (melnalk\u0161\u0146a).<\/p>\n<p>Kumodei ir divas durvis ar plauktiem iek\u0161pus\u0113 un \u010detras atvilktnes, pietiekami dzi\u013cas un platas, lai taj\u0101s ievietotu ikdienai nepiecie\u0161am\u0101s lietas. Kumode uz apa\u013c\u0101m koka k\u0101ji\u0146\u0101m, kas pie\u0161\u0137ir &#8220;odzi\u0146u&#8221; kumodes dizainam. \u013boti ietilp\u012bga un iztur\u012bga, ja v\u0113laties kaut ko smagu novietot uz kumodes.<\/p>\n<p>Ra\u017eota Latvij\u0101!<\/p>\n<p>iesp\u0113ja pas\u016bt\u012bt cit\u0101s kr\u0101s\u0101s:<\/p>\n<p>&nbsp;<\/p>\n<p>rieksta tonis +15%<\/p>\n<p>piena tonis +20%<\/p>\n<p>mahagona tonis +30%<\/p>\n","protected":false},"featured_media":3591,"template":"","meta":{"neve_meta_sidebar":"","neve_meta_container":"","neve_meta_enable_content_width":"off","neve_meta_content_width":70,"neve_meta_title_alignment":"","neve_meta_author_avatar":"","neve_post_elements_order":"","neve_meta_disable_header":"","neve_meta_disable_footer":"","neve_meta_disable_title":""},"product_cat":[18],"product_tag":[],"_links":{"self":[{"href":"https:\/\/mebelunams.lv\/index.php?rest_route=\/wp\/v2\/product\/3590"}],"collection":[{"href":"https:\/\/mebelunams.lv\/index.php?rest_route=\/wp\/v2\/product"}],"about":[{"href":"https:\/\/mebelunams.lv\/index.php?rest_route=\/wp\/v2\/types\/product"}],"wp:featuredmedia":[{"embeddable":true,"href":"https:\/\/mebelunams.lv\/index.php?rest_route=\/wp\/v2\/media\/3591"}],"wp:attachment":[{"href":"https:\/\/mebelunams.lv\/index.php?rest_route=%2Fwp%2Fv2%2Fmedia&parent=3590"}],"wp:term":[{"taxonomy":"product_cat","embeddable":true,"href":"https:\/\/mebelunams.lv\/index.php?rest_route=%2Fwp%2Fv2%2Fproduct_cat&post=3590"},{"taxonomy":"product_tag","embeddable":true,"href":"https:\/\/mebelunams.lv\/index.php?rest_route=%2Fwp%2Fv2%2Fproduct_tag&post=3590"}],"curies":[{"name":"wp","href":"https:\/\/api.w.org\/{rel}","templated":true}]}}