{"id":334,"date":"2020-08-23T14:56:02","date_gmt":"2020-08-23T12:56:02","guid":{"rendered":"http:\/\/mebelunams.lv\/?post_type=product&#038;p=334"},"modified":"2026-01-07T16:52:13","modified_gmt":"2026-01-07T14:52:13","slug":"tahta-keita-80-x-200-cm","status":"publish","type":"product","link":"https:\/\/mebelunams.lv\/?product=tahta-keita-80-x-200-cm","title":{"rendered":"tahta Keita 80 x 200 cm"},"content":{"rendered":"","protected":false},"excerpt":{"rendered":"<p><strong>Augstums:<\/strong>\u00a078 cm (no gr\u012bdas l\u012bdz atzveltnes aug\u0161ai)<br \/>\n<strong>Platums:<\/strong>\u00a0225 cm<br \/>\n<strong>Dzi\u013cums:<\/strong> 82 cm<br \/>\n<strong>Gu\u013cam\u0101 plat\u012bba:<\/strong> 80&#215;200 cm<br \/>\n<strong>Korpuss:<\/strong>\u00a0lamin\u0101ts<br \/>\n<strong>Matracis:<\/strong>\u00a0atsperes + porolons<br \/>\n<strong>Pacel\u0161anas meh\u0101nisms:<\/strong>\u00a0atsperu<\/p>\n<p><strong>audumi no\u00a0<a href=\"https:\/\/www.litena.lt\/?s=mango&amp;post_type=product\">kolekcijas \u201cMango\u201d(spiest \u0161eit)<\/a><\/strong><\/p>\n","protected":false},"featured_media":6596,"template":"","meta":{"neve_meta_sidebar":"","neve_meta_container":"","neve_meta_enable_content_width":"off","neve_meta_content_width":70,"neve_meta_title_alignment":"","neve_meta_author_avatar":"","neve_post_elements_order":"","neve_meta_disable_header":"","neve_meta_disable_footer":"","neve_meta_disable_title":""},"product_cat":[59],"product_tag":[],"_links":{"self":[{"href":"https:\/\/mebelunams.lv\/index.php?rest_route=\/wp\/v2\/product\/334"}],"collection":[{"href":"https:\/\/mebelunams.lv\/index.php?rest_route=\/wp\/v2\/product"}],"about":[{"href":"https:\/\/mebelunams.lv\/index.php?rest_route=\/wp\/v2\/types\/product"}],"wp:featuredmedia":[{"embeddable":true,"href":"https:\/\/mebelunams.lv\/index.php?rest_route=\/wp\/v2\/media\/6596"}],"wp:attachment":[{"href":"https:\/\/mebelunams.lv\/index.php?rest_route=%2Fwp%2Fv2%2Fmedia&parent=334"}],"wp:term":[{"taxonomy":"product_cat","embeddable":true,"href":"https:\/\/mebelunams.lv\/index.php?rest_route=%2Fwp%2Fv2%2Fproduct_cat&post=334"},{"taxonomy":"product_tag","embeddable":true,"href":"https:\/\/mebelunams.lv\/index.php?rest_route=%2Fwp%2Fv2%2Fproduct_tag&post=334"}],"curies":[{"name":"wp","href":"https:\/\/api.w.org\/{rel}","templated":true}]}}