{"id":224,"date":"2020-08-23T10:47:40","date_gmt":"2020-08-23T08:47:40","guid":{"rendered":"http:\/\/mebelunams.lv\/?post_type=product&#038;p=224"},"modified":"2023-07-19T12:54:18","modified_gmt":"2023-07-19T10:54:18","slug":"divans-koln-2","status":"publish","type":"product","link":"https:\/\/mebelunams.lv\/?product=divans-koln-2","title":{"rendered":"d\u012bv\u0101ns Koln 2"},"content":{"rendered":"","protected":false},"excerpt":{"rendered":"<p>Preci iesp\u0113jams pas\u016bt\u012bt.<\/p>\n<p>Cenas nor\u0101d\u012btas A kategorijas audumiem ar PVN 21%. Prec\u012bza izstr\u0101d\u0101juma cena ir atkar\u012bga no komplekt\u0101cijas, auduma kategorijas un var tikt preciz\u0113ta pie salona konsultantiem.<\/p>\n<p><strong>Apraksts<\/strong><\/p>\n<p>\u00abKoln\u00bb &#8211; tas ir izvelkams daudzfunkcion\u0101ls divgu\u013cams d\u012bv\u0101ns ar ve\u013cas kasti. Divi taisnst\u016bra veida s\u0113dek\u013ci neatkar\u012bgi viens no otra groz\u0101mi par 90 gr\u0101diem, k\u0101 ar\u012b izvelkami uz priek\u0161u. Pie tam izvilk\u0161anas un pagrie\u0161anas meh\u0101nisms ir \u013coti vienk\u0101r\u0161s, t\u0101p\u0113c nav pak\u013cauts sal\u016b\u0161anas riskam. Komplekt\u0101 2 spilveni.<\/p>\n<p><strong>Materi\u0101li<\/strong><\/p>\n<p>R\u0101mis izgatavots no pak\u0101peniski \u017e\u0101v\u0113ta b\u0113rza koka, v\u0101cu atsperu bloki \u201cHoffmann\u201d, v\u0101cu furnit\u016bra. J\u016bs varat izv\u0113l\u0113ties ap\u0161uvumu no vair\u0101k k\u0101 200 audumiem.<\/p>\n<p><strong>Izm\u0113rs<\/strong><\/p>\n<p>\u201cSt\u016bra\u201d veid\u0101 izvelkot: 197 x 140 x 78<br \/>\n\u201cgul\u0113\u0161anai\u201d izvelkot: 150 \u0445 197 \u0445 78<\/p>\n<p><em>\u00a0<\/em><\/p>\n","protected":false},"featured_media":6437,"template":"","meta":{"neve_meta_sidebar":"","neve_meta_container":"","neve_meta_enable_content_width":"off","neve_meta_content_width":100,"neve_meta_title_alignment":"","neve_meta_author_avatar":"","neve_post_elements_order":"","neve_meta_disable_header":"","neve_meta_disable_footer":"","neve_meta_disable_title":""},"product_cat":[57,58],"product_tag":[],"_links":{"self":[{"href":"https:\/\/mebelunams.lv\/index.php?rest_route=\/wp\/v2\/product\/224"}],"collection":[{"href":"https:\/\/mebelunams.lv\/index.php?rest_route=\/wp\/v2\/product"}],"about":[{"href":"https:\/\/mebelunams.lv\/index.php?rest_route=\/wp\/v2\/types\/product"}],"wp:featuredmedia":[{"embeddable":true,"href":"https:\/\/mebelunams.lv\/index.php?rest_route=\/wp\/v2\/media\/6437"}],"wp:attachment":[{"href":"https:\/\/mebelunams.lv\/index.php?rest_route=%2Fwp%2Fv2%2Fmedia&parent=224"}],"wp:term":[{"taxonomy":"product_cat","embeddable":true,"href":"https:\/\/mebelunams.lv\/index.php?rest_route=%2Fwp%2Fv2%2Fproduct_cat&post=224"},{"taxonomy":"product_tag","embeddable":true,"href":"https:\/\/mebelunams.lv\/index.php?rest_route=%2Fwp%2Fv2%2Fproduct_tag&post=224"}],"curies":[{"name":"wp","href":"https:\/\/api.w.org\/{rel}","templated":true}]}}