{"id":2165,"date":"2021-05-08T13:05:20","date_gmt":"2021-05-08T11:05:20","guid":{"rendered":"https:\/\/mebelunams.lv\/?post_type=product&#038;p=2165"},"modified":"2026-01-07T15:15:37","modified_gmt":"2026-01-07T13:15:37","slug":"bankete-olivers","status":"publish","type":"product","link":"https:\/\/mebelunams.lv\/?product=bankete-olivers","title":{"rendered":"bankete Olivers"},"content":{"rendered":"","protected":false},"excerpt":{"rendered":"<p><strong>Bankete ar ieb\u016bv\u0113tu kasti<br \/>\n<\/strong><\/p>\n<p><strong>Augstums:<\/strong>\u00a045 cm<br \/>\n<strong>Platums x Dzi\u013cums:<\/strong>\u00a090&#215;70 cm<\/p>\n<p>Ir iesp\u0113jams izv\u0113l\u0113ties citu audumu.<\/p>\n","protected":false},"featured_media":8248,"template":"","meta":{"neve_meta_sidebar":"","neve_meta_container":"","neve_meta_enable_content_width":"off","neve_meta_content_width":100,"neve_meta_title_alignment":"","neve_meta_author_avatar":"","neve_post_elements_order":"","neve_meta_disable_header":"","neve_meta_disable_footer":"","neve_meta_disable_title":""},"product_cat":[90],"product_tag":[],"_links":{"self":[{"href":"https:\/\/mebelunams.lv\/index.php?rest_route=\/wp\/v2\/product\/2165"}],"collection":[{"href":"https:\/\/mebelunams.lv\/index.php?rest_route=\/wp\/v2\/product"}],"about":[{"href":"https:\/\/mebelunams.lv\/index.php?rest_route=\/wp\/v2\/types\/product"}],"wp:featuredmedia":[{"embeddable":true,"href":"https:\/\/mebelunams.lv\/index.php?rest_route=\/wp\/v2\/media\/8248"}],"wp:attachment":[{"href":"https:\/\/mebelunams.lv\/index.php?rest_route=%2Fwp%2Fv2%2Fmedia&parent=2165"}],"wp:term":[{"taxonomy":"product_cat","embeddable":true,"href":"https:\/\/mebelunams.lv\/index.php?rest_route=%2Fwp%2Fv2%2Fproduct_cat&post=2165"},{"taxonomy":"product_tag","embeddable":true,"href":"https:\/\/mebelunams.lv\/index.php?rest_route=%2Fwp%2Fv2%2Fproduct_tag&post=2165"}],"curies":[{"name":"wp","href":"https:\/\/api.w.org\/{rel}","templated":true}]}}