{"id":18964,"date":"2025-07-07T12:58:30","date_gmt":"2025-07-07T10:58:30","guid":{"rendered":"https:\/\/mebelunams.lv\/?post_type=product&#038;p=18964"},"modified":"2025-07-07T13:04:03","modified_gmt":"2025-07-07T11:04:03","slug":"izvelkams-galds-joseph","status":"publish","type":"product","link":"https:\/\/mebelunams.lv\/?product=izvelkams-galds-joseph","title":{"rendered":"izvelkams galds JOSEPH"},"content":{"rendered":"","protected":false},"excerpt":{"rendered":"<div class=\"product-char_table\">\n<div class=\"product-char_td\">\n<div class=\"small-title\"><strong>Garums<\/strong>: 150-190 cm<\/div>\n<\/div>\n<\/div>\n<div class=\"product-char_table\">\n<div class=\"product-char_td\">\n<div class=\"small-title\"><strong>Augstums<\/strong>: 77 cm<\/div>\n<\/div>\n<\/div>\n<div class=\"product-char_table\">\n<div class=\"product-char_td\">\n<div class=\"small-title\"><strong>Platums<\/strong>: 90 cm<\/div>\n<div>\n<p id=\"tw-target-text\" class=\"tw-data-text tw-text-large tw-ta\" dir=\"ltr\" data-placeholder=\"Tulkojums\" data-ved=\"2ahUKEwiRwtjIx6qOAxXOKxAIHecPEFcQ3ewLegQICRAV\" aria-label=\"Tulkotais teksts: Izvelkams galds, materi\u0101ls: lakots MDF \/ mas\u012bvkoks, kr\u0101sa: balta * Produkts ir apstr\u0101d\u0101ts ar rok\u0101m. Var b\u016bt nelielas nel\u012bdzen\u012bbas, kas rodas izmantot\u0101s ra\u017eo\u0161anas metodes d\u0113\u013c. Tas veido produkta unikalit\u0101ti un nav j\u0101uztver k\u0101 ra\u017eo\u0161anas defekts. Tas ar\u012b neietekm\u0113 kop\u0113jo est\u0113tiku un t\u0101 sp\u0113ju lietot paredz\u0113tajam m\u0113r\u0137im. Svars: 45,600 kg Tilpums: 235,00 dm3\"><span class=\"Y2IQFc\" lang=\"lv\">Izvelkams galds,<\/span><\/p>\n<p class=\"tw-data-text tw-text-large tw-ta\" dir=\"ltr\" data-placeholder=\"Tulkojums\" data-ved=\"2ahUKEwiRwtjIx6qOAxXOKxAIHecPEFcQ3ewLegQICRAV\" aria-label=\"Tulkotais teksts: Izvelkams galds, materi\u0101ls: lakots MDF \/ mas\u012bvkoks, kr\u0101sa: balta * Produkts ir apstr\u0101d\u0101ts ar rok\u0101m. Var b\u016bt nelielas nel\u012bdzen\u012bbas, kas rodas izmantot\u0101s ra\u017eo\u0161anas metodes d\u0113\u013c. Tas veido produkta unikalit\u0101ti un nav j\u0101uztver k\u0101 ra\u017eo\u0161anas defekts. Tas ar\u012b neietekm\u0113 kop\u0113jo est\u0113tiku un t\u0101 sp\u0113ju lietot paredz\u0113tajam m\u0113r\u0137im. Svars: 45,600 kg Tilpums: 235,00 dm3\"><span class=\"Y2IQFc\" lang=\"lv\">materi\u0101ls:<\/span><\/p>\n<p class=\"tw-data-text tw-text-large tw-ta\" dir=\"ltr\" data-placeholder=\"Tulkojums\" data-ved=\"2ahUKEwiRwtjIx6qOAxXOKxAIHecPEFcQ3ewLegQICRAV\" aria-label=\"Tulkotais teksts: Izvelkams galds, materi\u0101ls: lakots MDF \/ mas\u012bvkoks, kr\u0101sa: balta * Produkts ir apstr\u0101d\u0101ts ar rok\u0101m. Var b\u016bt nelielas nel\u012bdzen\u012bbas, kas rodas izmantot\u0101s ra\u017eo\u0161anas metodes d\u0113\u013c. Tas veido produkta unikalit\u0101ti un nav j\u0101uztver k\u0101 ra\u017eo\u0161anas defekts. Tas ar\u012b neietekm\u0113 kop\u0113jo est\u0113tiku un t\u0101 sp\u0113ju lietot paredz\u0113tajam m\u0113r\u0137im. Svars: 45,600 kg Tilpums: 235,00 dm3\"><span class=\"Y2IQFc\" lang=\"lv\">lakots MDF \/ mas\u012bvkoks,<\/span><\/p>\n<p class=\"tw-data-text tw-text-large tw-ta\" dir=\"ltr\" data-placeholder=\"Tulkojums\" data-ved=\"2ahUKEwiRwtjIx6qOAxXOKxAIHecPEFcQ3ewLegQICRAV\" aria-label=\"Tulkotais teksts: Izvelkams galds, materi\u0101ls: lakots MDF \/ mas\u012bvkoks, kr\u0101sa: balta * Produkts ir apstr\u0101d\u0101ts ar rok\u0101m. Var b\u016bt nelielas nel\u012bdzen\u012bbas, kas rodas izmantot\u0101s ra\u017eo\u0161anas metodes d\u0113\u013c. Tas veido produkta unikalit\u0101ti un nav j\u0101uztver k\u0101 ra\u017eo\u0161anas defekts. Tas ar\u012b neietekm\u0113 kop\u0113jo est\u0113tiku un t\u0101 sp\u0113ju lietot paredz\u0113tajam m\u0113r\u0137im. Svars: 45,600 kg Tilpums: 235,00 dm3\"><span class=\"Y2IQFc\" lang=\"lv\">kr\u0101sa: balta\u00a0<\/span><\/p>\n<p class=\"tw-data-text tw-text-large tw-ta\" dir=\"ltr\" data-placeholder=\"Tulkojums\" data-ved=\"2ahUKEwiRwtjIx6qOAxXOKxAIHecPEFcQ3ewLegQICRAV\" aria-label=\"Tulkotais teksts: Izvelkams galds, materi\u0101ls: lakots MDF \/ mas\u012bvkoks, kr\u0101sa: balta * Produkts ir apstr\u0101d\u0101ts ar rok\u0101m. Var b\u016bt nelielas nel\u012bdzen\u012bbas, kas rodas izmantot\u0101s ra\u017eo\u0161anas metodes d\u0113\u013c. Tas veido produkta unikalit\u0101ti un nav j\u0101uztver k\u0101 ra\u017eo\u0161anas defekts. Tas ar\u012b neietekm\u0113 kop\u0113jo est\u0113tiku un t\u0101 sp\u0113ju lietot paredz\u0113tajam m\u0113r\u0137im. Svars: 45,600 kg Tilpums: 235,00 dm3\"><span class=\"Y2IQFc\" lang=\"lv\">Produkts ir apstr\u0101d\u0101ts ar rok\u0101m. Var b\u016bt nelieli nel\u012bdzenumi, kas rodas izmantot\u0101s ra\u017eo\u0161anas metodes d\u0113\u013c.<\/span><\/p>\n<p class=\"tw-data-text tw-text-large tw-ta\" dir=\"ltr\" data-placeholder=\"Tulkojums\" data-ved=\"2ahUKEwiRwtjIx6qOAxXOKxAIHecPEFcQ3ewLegQICRAV\" aria-label=\"Tulkotais teksts: Izvelkams galds, materi\u0101ls: lakots MDF \/ mas\u012bvkoks, kr\u0101sa: balta * Produkts ir apstr\u0101d\u0101ts ar rok\u0101m. Var b\u016bt nelielas nel\u012bdzen\u012bbas, kas rodas izmantot\u0101s ra\u017eo\u0161anas metodes d\u0113\u013c. Tas veido produkta unikalit\u0101ti un nav j\u0101uztver k\u0101 ra\u017eo\u0161anas defekts. Tas ar\u012b neietekm\u0113 kop\u0113jo est\u0113tiku un t\u0101 sp\u0113ju lietot paredz\u0113tajam m\u0113r\u0137im. Svars: 45,600 kg Tilpums: 235,00 dm3\"><span class=\"Y2IQFc\" lang=\"lv\">Tas veido produkta unikalit\u0101ti un nav j\u0101uztver k\u0101 ra\u017eo\u0161anas defekts.<\/span><\/p>\n<p class=\"tw-data-text tw-text-large tw-ta\" dir=\"ltr\" data-placeholder=\"Tulkojums\" data-ved=\"2ahUKEwiRwtjIx6qOAxXOKxAIHecPEFcQ3ewLegQICRAV\" aria-label=\"Tulkotais teksts: Izvelkams galds, materi\u0101ls: lakots MDF \/ mas\u012bvkoks, kr\u0101sa: balta * Produkts ir apstr\u0101d\u0101ts ar rok\u0101m. Var b\u016bt nelielas nel\u012bdzen\u012bbas, kas rodas izmantot\u0101s ra\u017eo\u0161anas metodes d\u0113\u013c. Tas veido produkta unikalit\u0101ti un nav j\u0101uztver k\u0101 ra\u017eo\u0161anas defekts. Tas ar\u012b neietekm\u0113 kop\u0113jo est\u0113tiku un t\u0101 sp\u0113ju lietot paredz\u0113tajam m\u0113r\u0137im. Svars: 45,600 kg Tilpums: 235,00 dm3\"><span class=\"Y2IQFc\" lang=\"lv\">Tas ar\u012b neietekm\u0113 kop\u0113jo est\u0113tiku un t\u0101 sp\u0113ju lietot paredz\u0113tajam m\u0113r\u0137im.<\/span><\/p>\n<p class=\"tw-data-text tw-text-large tw-ta\" dir=\"ltr\" data-placeholder=\"Tulkojums\" data-ved=\"2ahUKEwiRwtjIx6qOAxXOKxAIHecPEFcQ3ewLegQICRAV\" aria-label=\"Tulkotais teksts: Izvelkams galds, materi\u0101ls: lakots MDF \/ mas\u012bvkoks, kr\u0101sa: balta * Produkts ir apstr\u0101d\u0101ts ar rok\u0101m. Var b\u016bt nelielas nel\u012bdzen\u012bbas, kas rodas izmantot\u0101s ra\u017eo\u0161anas metodes d\u0113\u013c. Tas veido produkta unikalit\u0101ti un nav j\u0101uztver k\u0101 ra\u017eo\u0161anas defekts. Tas ar\u012b neietekm\u0113 kop\u0113jo est\u0113tiku un t\u0101 sp\u0113ju lietot paredz\u0113tajam m\u0113r\u0137im. Svars: 45,600 kg Tilpums: 235,00 dm3\"><span class=\"Y2IQFc\" lang=\"lv\">Svars: 45,600 kg<\/span><\/p>\n<p class=\"tw-data-text tw-text-large tw-ta\" dir=\"ltr\" data-placeholder=\"Tulkojums\" data-ved=\"2ahUKEwiRwtjIx6qOAxXOKxAIHecPEFcQ3ewLegQICRAV\" aria-label=\"Tulkotais teksts: Izvelkams galds, materi\u0101ls: lakots MDF \/ mas\u012bvkoks, kr\u0101sa: balta * Produkts ir apstr\u0101d\u0101ts ar rok\u0101m. Var b\u016bt nelielas nel\u012bdzen\u012bbas, kas rodas izmantot\u0101s ra\u017eo\u0161anas metodes d\u0113\u013c. Tas veido produkta unikalit\u0101ti un nav j\u0101uztver k\u0101 ra\u017eo\u0161anas defekts. Tas ar\u012b neietekm\u0113 kop\u0113jo est\u0113tiku un t\u0101 sp\u0113ju lietot paredz\u0113tajam m\u0113r\u0137im. Svars: 45,600 kg Tilpums: 235,00 dm3\"><span class=\"Y2IQFc\" lang=\"lv\">Tilpums: 235,00 dm3<\/span><\/p>\n<p dir=\"ltr\" data-placeholder=\"Tulkojums\" data-ved=\"2ahUKEwiRwtjIx6qOAxXOKxAIHecPEFcQ3ewLegQICRAV\" aria-label=\"Tulkotais teksts: Izvelkams galds, materi\u0101ls: lakots MDF \/ mas\u012bvkoks, kr\u0101sa: balta * Produkts ir apstr\u0101d\u0101ts ar rok\u0101m. Var b\u016bt nelielas nel\u012bdzen\u012bbas, kas rodas izmantot\u0101s ra\u017eo\u0161anas metodes d\u0113\u013c. Tas veido produkta unikalit\u0101ti un nav j\u0101uztver k\u0101 ra\u017eo\u0161anas defekts. Tas ar\u012b neietekm\u0113 kop\u0113jo est\u0113tiku un t\u0101 sp\u0113ju lietot paredz\u0113tajam m\u0113r\u0137im. Svars: 45,600 kg Tilpums: 235,00 dm3\">Kr\u0113sli cen\u0101 nav iek\u013cauti.<\/p>\n<\/div>\n<\/div>\n<\/div>\n<div class=\"product-char_table\">\n<div class=\"product-char_td\">\n<div>\n<h1 class=\"tw-data-text tw-text-large tw-ta\" dir=\"ltr\" data-placeholder=\"Tulkojums\" data-ved=\"2ahUKEwiazciljp6OAxU0DRAIHaAmJwAQ3ewLegQIAhAV\" aria-label=\"Tulkotais teksts: Produkta apraksts: Izvelkams galds, izm\u0113ri: 90\u00f7124\/90\/75 cm, materi\u0101ls: virsma - MDF pl\u0101ksne + dab\u012bgs finieris, k\u0101jas - mas\u012bvkoks, kr\u0101sa: balta * Produkts ir apstr\u0101d\u0101ts ar rok\u0101m. Var b\u016bt nelielas nel\u012bdzen\u012bbas, kas rodas izmantot\u0101s ra\u017eo\u0161anas metodes d\u0113\u013c. Tas veido produkta unikalit\u0101ti un nav j\u0101uztver k\u0101 ra\u017eo\u0161anas defekts. Tas ar\u012b neietekm\u0113 kop\u0113jo est\u0113tiku un t\u0101 sp\u0113ju lietot paredz\u0113tajam m\u0113r\u0137im. Svars: 28 000 kg Tilpums: 133,40 dm3\"><span class=\"Y2IQFc\" lang=\"lv\"><strong>Pas\u016bt\u012bjuma izpildes laiks: 2 \u2013 3 ned\u0113\u013cas<\/strong><\/span><\/h1>\n<\/div>\n<\/div>\n<\/div>\n","protected":false},"featured_media":18973,"template":"","meta":{"neve_meta_sidebar":"","neve_meta_container":"","neve_meta_enable_content_width":"off","neve_meta_content_width":70,"neve_meta_title_alignment":"","neve_meta_author_avatar":"","neve_post_elements_order":"","neve_meta_disable_header":"","neve_meta_disable_footer":"","neve_meta_disable_title":""},"product_cat":[35],"product_tag":[],"_links":{"self":[{"href":"https:\/\/mebelunams.lv\/index.php?rest_route=\/wp\/v2\/product\/18964"}],"collection":[{"href":"https:\/\/mebelunams.lv\/index.php?rest_route=\/wp\/v2\/product"}],"about":[{"href":"https:\/\/mebelunams.lv\/index.php?rest_route=\/wp\/v2\/types\/product"}],"wp:featuredmedia":[{"embeddable":true,"href":"https:\/\/mebelunams.lv\/index.php?rest_route=\/wp\/v2\/media\/18973"}],"wp:attachment":[{"href":"https:\/\/mebelunams.lv\/index.php?rest_route=%2Fwp%2Fv2%2Fmedia&parent=18964"}],"wp:term":[{"taxonomy":"product_cat","embeddable":true,"href":"https:\/\/mebelunams.lv\/index.php?rest_route=%2Fwp%2Fv2%2Fproduct_cat&post=18964"},{"taxonomy":"product_tag","embeddable":true,"href":"https:\/\/mebelunams.lv\/index.php?rest_route=%2Fwp%2Fv2%2Fproduct_tag&post=18964"}],"curies":[{"name":"wp","href":"https:\/\/api.w.org\/{rel}","templated":true}]}}