{"id":18521,"date":"2025-03-15T18:55:11","date_gmt":"2025-03-15T16:55:11","guid":{"rendered":"https:\/\/mebelunams.lv\/?post_type=product&#038;p=18521"},"modified":"2025-03-15T19:04:03","modified_gmt":"2025-03-15T17:04:03","slug":"divans-lagos-corner","status":"publish","type":"product","link":"https:\/\/mebelunams.lv\/?product=divans-lagos-corner","title":{"rendered":"d\u012bv\u0101ns Lagos Corner"},"content":{"rendered":"","protected":false},"excerpt":{"rendered":"<div>\n<div>\n<div>\n<div><strong>Augstums<\/strong>: 90 cm<\/div>\n<div><strong>Platums<\/strong>: 293 cm<\/div>\n<div><strong>Dzi\u013cums<\/strong>: 226 cm<\/div>\n<div><strong>S\u0113dvieta:<\/strong>\u00a054 cm dzi\u013c\u0161, 46 cm augsts<\/div>\n<div><b>Materi\u0101ls pieejams da\u017e\u0101d\u0101s kr\u0101s\u0101s. Pieejams gan labais, gan kreisais st\u016bris.<\/b><\/div>\n<p>&nbsp;<\/p>\n<\/div>\n<\/div>\n<\/div>\n","protected":false},"featured_media":19459,"template":"","meta":{"neve_meta_sidebar":"","neve_meta_container":"","neve_meta_enable_content_width":"off","neve_meta_content_width":100,"neve_meta_title_alignment":"","neve_meta_author_avatar":"","neve_post_elements_order":"","neve_meta_disable_header":"","neve_meta_disable_footer":"","neve_meta_disable_title":""},"product_cat":[57,58],"product_tag":[],"_links":{"self":[{"href":"https:\/\/mebelunams.lv\/index.php?rest_route=\/wp\/v2\/product\/18521"}],"collection":[{"href":"https:\/\/mebelunams.lv\/index.php?rest_route=\/wp\/v2\/product"}],"about":[{"href":"https:\/\/mebelunams.lv\/index.php?rest_route=\/wp\/v2\/types\/product"}],"wp:featuredmedia":[{"embeddable":true,"href":"https:\/\/mebelunams.lv\/index.php?rest_route=\/wp\/v2\/media\/19459"}],"wp:attachment":[{"href":"https:\/\/mebelunams.lv\/index.php?rest_route=%2Fwp%2Fv2%2Fmedia&parent=18521"}],"wp:term":[{"taxonomy":"product_cat","embeddable":true,"href":"https:\/\/mebelunams.lv\/index.php?rest_route=%2Fwp%2Fv2%2Fproduct_cat&post=18521"},{"taxonomy":"product_tag","embeddable":true,"href":"https:\/\/mebelunams.lv\/index.php?rest_route=%2Fwp%2Fv2%2Fproduct_tag&post=18521"}],"curies":[{"name":"wp","href":"https:\/\/api.w.org\/{rel}","templated":true}]}}