{"id":1755,"date":"2020-10-13T15:11:23","date_gmt":"2020-10-13T13:11:23","guid":{"rendered":"https:\/\/mebelunams.lv\/?post_type=product&#038;p=1755"},"modified":"2024-08-09T06:33:27","modified_gmt":"2024-08-09T04:33:27","slug":"skapji-dazados-izmeros","status":"publish","type":"product","link":"https:\/\/mebelunams.lv\/?product=skapji-dazados-izmeros","title":{"rendered":"skapji da\u017e\u0101dos izm\u0113ros"},"content":{"rendered":"","protected":false},"excerpt":{"rendered":"<p><strong>Pieejami da\u017e\u0101dos izm\u0113ros:<\/strong><\/p>\n<p><strong>no 100 cm platum\u0101,<\/strong><\/p>\n<p><strong>\u00a0augstums: 220 vai 240 cm (iesp\u0113jams nestandarts),<\/strong><\/p>\n<p><strong>dzi\u013cums: 60 vai 45 cm.<\/strong><\/p>\n<p><strong>Cenas no 200,- eiro<\/strong><\/p>\n<p>Iesp\u0113jama foto apdruka, spogulis, LKSP (lamin\u0101ta kokskaidu pl\u0101ksnes), kombin\u0113t\u0101s durvis,<\/p>\n<p>smil\u0161u str\u016bklas z\u012bm\u0113jumi.<\/p>\n<p>Iesp\u0113jami da\u017e\u0101di frofili, da\u017e\u0101das korpusa kr\u0101sas.<\/p>\n<p><span style=\"color: #ff6600;\"><a style=\"color: #ff6600;\" href=\"https:\/\/drive.google.com\/file\/d\/1m66kAqIY904dOBFZikQg4__PhSEC8LL3\/view\"><em><strong>Saite katalogam (spiest \u0161eit)<\/strong><\/em><\/a><\/span><\/p>\n<p>&nbsp;<\/p>\n","protected":false},"featured_media":6746,"template":"","meta":{"neve_meta_sidebar":"","neve_meta_container":"","neve_meta_enable_content_width":"off","neve_meta_content_width":70,"neve_meta_title_alignment":"","neve_meta_author_avatar":"","neve_post_elements_order":"","neve_meta_disable_header":"","neve_meta_disable_footer":"","neve_meta_disable_title":""},"product_cat":[20],"product_tag":[],"_links":{"self":[{"href":"https:\/\/mebelunams.lv\/index.php?rest_route=\/wp\/v2\/product\/1755"}],"collection":[{"href":"https:\/\/mebelunams.lv\/index.php?rest_route=\/wp\/v2\/product"}],"about":[{"href":"https:\/\/mebelunams.lv\/index.php?rest_route=\/wp\/v2\/types\/product"}],"wp:featuredmedia":[{"embeddable":true,"href":"https:\/\/mebelunams.lv\/index.php?rest_route=\/wp\/v2\/media\/6746"}],"wp:attachment":[{"href":"https:\/\/mebelunams.lv\/index.php?rest_route=%2Fwp%2Fv2%2Fmedia&parent=1755"}],"wp:term":[{"taxonomy":"product_cat","embeddable":true,"href":"https:\/\/mebelunams.lv\/index.php?rest_route=%2Fwp%2Fv2%2Fproduct_cat&post=1755"},{"taxonomy":"product_tag","embeddable":true,"href":"https:\/\/mebelunams.lv\/index.php?rest_route=%2Fwp%2Fv2%2Fproduct_tag&post=1755"}],"curies":[{"name":"wp","href":"https:\/\/api.w.org\/{rel}","templated":true}]}}