{"id":17375,"date":"2024-03-31T22:55:13","date_gmt":"2024-03-31T20:55:13","guid":{"rendered":"https:\/\/mebelunams.lv\/?post_type=product&#038;p=17375"},"modified":"2024-04-24T13:29:20","modified_gmt":"2024-04-24T11:29:20","slug":"elektrisks-divmotoru-galds","status":"publish","type":"product","link":"https:\/\/mebelunams.lv\/?product=elektrisks-divmotoru-galds","title":{"rendered":"elektrisks divmotoru galds"},"content":{"rendered":"","protected":false},"excerpt":{"rendered":"<p>Elektrisks galda r\u0101mis ar diviem motoriem, biroja vai m\u0101jas galdiem. Iztur\u012bgs, elast\u012bgs modelis taisnai darba virsmai ar regul\u0113jama augstuma funkciju, \u013caujot katram lietot\u0101jam izveidot optim\u0101lu darba vidi. Paredz\u0113ts lieto\u0161anai iek\u0161telp\u0101s.<\/p>\n<p><strong>Kr\u0101sa r\u0101mim:<\/strong><br \/>\npel\u0113ks,<br \/>\nmelns,<br \/>\nbalts<\/p>\n<p><strong>Kr\u0101sa virsmai:<\/strong><br \/>\nBalta W10003<br \/>\nAkmens pel\u0113ka B0112<br \/>\nAntrac\u012bta pel\u0113ka \u2013 basalts U12055<br \/>\nLindberg ozols R20021<br \/>\nPlat\u012bna pel\u0113ks U12115<\/p>\n<p><strong>Parametri:<\/strong><\/p>\n<ul>\n<li>R\u0101mja platums 1150 mm &#8211; 1740 mm<\/li>\n<li>Regul\u0113\u0161anas diapazons augstum\u0101 660 mm (605 &#8211; 1265 mm\u00a0\u00b15mm)<\/li>\n<li>Celtsp\u0113ja 100kg max<\/li>\n<li>\u0100trums 40 mm \/ sekund\u0113<\/li>\n<\/ul>\n<p><span style=\"color: #339966;\"><strong>Izm\u0113ri:<\/strong><\/span><br \/>\n80 x 120 \u2013 395 Eur<br \/>\n80 x 137 \u2013 395 Eur<br \/>\n80 x 156 \u2013 419 Eur<br \/>\n80 x 170 \u2013 420 Eur<\/p>\n","protected":false},"featured_media":17376,"template":"","meta":{"neve_meta_sidebar":"","neve_meta_container":"","neve_meta_enable_content_width":"off","neve_meta_content_width":100,"neve_meta_title_alignment":"","neve_meta_author_avatar":"","neve_post_elements_order":"","neve_meta_disable_header":"","neve_meta_disable_footer":"","neve_meta_disable_title":""},"product_cat":[34,33],"product_tag":[],"_links":{"self":[{"href":"https:\/\/mebelunams.lv\/index.php?rest_route=\/wp\/v2\/product\/17375"}],"collection":[{"href":"https:\/\/mebelunams.lv\/index.php?rest_route=\/wp\/v2\/product"}],"about":[{"href":"https:\/\/mebelunams.lv\/index.php?rest_route=\/wp\/v2\/types\/product"}],"wp:featuredmedia":[{"embeddable":true,"href":"https:\/\/mebelunams.lv\/index.php?rest_route=\/wp\/v2\/media\/17376"}],"wp:attachment":[{"href":"https:\/\/mebelunams.lv\/index.php?rest_route=%2Fwp%2Fv2%2Fmedia&parent=17375"}],"wp:term":[{"taxonomy":"product_cat","embeddable":true,"href":"https:\/\/mebelunams.lv\/index.php?rest_route=%2Fwp%2Fv2%2Fproduct_cat&post=17375"},{"taxonomy":"product_tag","embeddable":true,"href":"https:\/\/mebelunams.lv\/index.php?rest_route=%2Fwp%2Fv2%2Fproduct_tag&post=17375"}],"curies":[{"name":"wp","href":"https:\/\/api.w.org\/{rel}","templated":true}]}}