{"id":14864,"date":"2023-03-31T20:25:49","date_gmt":"2023-03-31T18:25:49","guid":{"rendered":"https:\/\/mebelunams.lv\/?post_type=product&#038;p=14864"},"modified":"2023-05-13T21:41:57","modified_gmt":"2023-05-13T19:41:57","slug":"zurnalgaldins-savona","status":"publish","type":"product","link":"https:\/\/mebelunams.lv\/?product=zurnalgaldins-savona","title":{"rendered":"\u017eurn\u0101lgaldi\u0146\u0161 Savona"},"content":{"rendered":"","protected":false},"excerpt":{"rendered":"<p><strong>\u2192 (platums)<\/strong> : 110\u00a0 cm<\/p>\n<p><strong>\u2191 (augstums)<\/strong> : 60 cm<\/p>\n<p><strong>\/ (dzi\u013cums)<\/strong> : 45,5 cm<\/p>\n<p><span style=\"color: #008000;\"><strong>Preci iesp\u0113jams pas\u016bt\u012bt uz maiju.<\/strong><\/span><\/p>\n<p>&nbsp;<\/p>\n","protected":false},"featured_media":14866,"template":"","meta":{"neve_meta_sidebar":"","neve_meta_container":"","neve_meta_enable_content_width":"off","neve_meta_content_width":70,"neve_meta_title_alignment":"","neve_meta_author_avatar":"","neve_post_elements_order":"","neve_meta_disable_header":"","neve_meta_disable_footer":"","neve_meta_disable_title":""},"product_cat":[3809,29],"product_tag":[],"_links":{"self":[{"href":"https:\/\/mebelunams.lv\/index.php?rest_route=\/wp\/v2\/product\/14864"}],"collection":[{"href":"https:\/\/mebelunams.lv\/index.php?rest_route=\/wp\/v2\/product"}],"about":[{"href":"https:\/\/mebelunams.lv\/index.php?rest_route=\/wp\/v2\/types\/product"}],"wp:featuredmedia":[{"embeddable":true,"href":"https:\/\/mebelunams.lv\/index.php?rest_route=\/wp\/v2\/media\/14866"}],"wp:attachment":[{"href":"https:\/\/mebelunams.lv\/index.php?rest_route=%2Fwp%2Fv2%2Fmedia&parent=14864"}],"wp:term":[{"taxonomy":"product_cat","embeddable":true,"href":"https:\/\/mebelunams.lv\/index.php?rest_route=%2Fwp%2Fv2%2Fproduct_cat&post=14864"},{"taxonomy":"product_tag","embeddable":true,"href":"https:\/\/mebelunams.lv\/index.php?rest_route=%2Fwp%2Fv2%2Fproduct_tag&post=14864"}],"curies":[{"name":"wp","href":"https:\/\/api.w.org\/{rel}","templated":true}]}}