{"id":1469,"date":"2020-09-20T12:10:14","date_gmt":"2020-09-20T10:10:14","guid":{"rendered":"http:\/\/mebelunams.lv\/?post_type=product&#038;p=1469"},"modified":"2023-02-17T17:23:22","modified_gmt":"2023-02-17T15:23:22","slug":"gulta-luxury","status":"publish","type":"product","link":"https:\/\/mebelunams.lv\/?product=gulta-luxury","title":{"rendered":"gulta Luxury"},"content":{"rendered":"","protected":false},"excerpt":{"rendered":"<p>Gulta Luxury ar pacel\u0161anas meh\u0101nismu, ve\u013cas kasti un matraci.<\/p>\n<p>Grezns, m\u012bksts galvgalis un m\u012bkstas malas. Gultas pamats uz koka k\u0101jam.<\/p>\n<p>Matracis ir daudzsl\u0101\u0146u 35 cm augstum\u0101, vid\u0113ji ciets. Neatkar\u012bgas atsperes Micro-Pocket un Pocket, ortop\u0113diskais efekts, perimetra pastiprin\u0101jums.<\/p>\n<p>Liela audumu un eko \u0101das kr\u0101su izv\u0113le.<\/p>\n<p>Cena nor\u0101d\u012bta par matra\u010da izm\u0113ru 160*200 cm<\/p>\n<p>Papildus var pas\u016bt\u012bt- <a href=\"https:\/\/mebelunams.lv\/?product=naktsskap\u012btis-luxury\">naktsskap\u012bti<\/a>,<a href=\"https:\/\/mebelunams.lv\/?product=pufs-moon\"> pufu,<\/a> <a href=\"https:\/\/mebelunams.lv\/?product=solins-luxury\">soli\u0146u.<\/a><\/p>\n","protected":false},"featured_media":5361,"template":"","meta":{"neve_meta_sidebar":"","neve_meta_container":"","neve_meta_enable_content_width":"off","neve_meta_content_width":70,"neve_meta_title_alignment":"","neve_meta_author_avatar":"","neve_post_elements_order":"","neve_meta_disable_header":"","neve_meta_disable_footer":"","neve_meta_disable_title":""},"product_cat":[38,42,89],"product_tag":[],"_links":{"self":[{"href":"https:\/\/mebelunams.lv\/index.php?rest_route=\/wp\/v2\/product\/1469"}],"collection":[{"href":"https:\/\/mebelunams.lv\/index.php?rest_route=\/wp\/v2\/product"}],"about":[{"href":"https:\/\/mebelunams.lv\/index.php?rest_route=\/wp\/v2\/types\/product"}],"wp:featuredmedia":[{"embeddable":true,"href":"https:\/\/mebelunams.lv\/index.php?rest_route=\/wp\/v2\/media\/5361"}],"wp:attachment":[{"href":"https:\/\/mebelunams.lv\/index.php?rest_route=%2Fwp%2Fv2%2Fmedia&parent=1469"}],"wp:term":[{"taxonomy":"product_cat","embeddable":true,"href":"https:\/\/mebelunams.lv\/index.php?rest_route=%2Fwp%2Fv2%2Fproduct_cat&post=1469"},{"taxonomy":"product_tag","embeddable":true,"href":"https:\/\/mebelunams.lv\/index.php?rest_route=%2Fwp%2Fv2%2Fproduct_tag&post=1469"}],"curies":[{"name":"wp","href":"https:\/\/api.w.org\/{rel}","templated":true}]}}