{"id":13145,"date":"2022-11-10T20:27:27","date_gmt":"2022-11-10T18:27:27","guid":{"rendered":"https:\/\/mebelunams.lv\/?post_type=product&#038;p=13145"},"modified":"2022-11-10T20:31:37","modified_gmt":"2022-11-10T18:31:37","slug":"kresls-a-400","status":"publish","type":"product","link":"https:\/\/mebelunams.lv\/?product=kresls-a-400","title":{"rendered":"kr\u0113sls A &#8211; 400"},"content":{"rendered":"<p>Preci iesp\u0113jams pas\u016bt\u012bt, zvanot uz tel. 20207488, vai ieg\u0101d\u0101ties veikal\u0101 Maskavas iel\u0101 322.<\/p>\n","protected":false},"excerpt":{"rendered":"<p><strong>\u2192 <\/strong><strong>(\u0448\u0438\u0440\u0438\u043d\u0430)<\/strong> : 42 \u0441\u043c<\/p>\n<p><strong>\u2191 <\/strong><strong>(\u0432\u044b\u0441\u043e\u0442\u0430)<\/strong> : 97 \u0441\u043c<\/p>\n<p><strong>\/ (\u0433\u043b\u0443\u0431\u0438\u043d\u0430)<\/strong>\u00a0 : 44 \u0441\u043c<\/p>\n","protected":false},"featured_media":13154,"template":"","meta":{"neve_meta_sidebar":"","neve_meta_container":"","neve_meta_enable_content_width":"off","neve_meta_content_width":70,"neve_meta_title_alignment":"","neve_meta_author_avatar":"","neve_post_elements_order":"","neve_meta_disable_header":"","neve_meta_disable_footer":"","neve_meta_disable_title":""},"product_cat":[46],"product_tag":[],"_links":{"self":[{"href":"https:\/\/mebelunams.lv\/index.php?rest_route=\/wp\/v2\/product\/13145"}],"collection":[{"href":"https:\/\/mebelunams.lv\/index.php?rest_route=\/wp\/v2\/product"}],"about":[{"href":"https:\/\/mebelunams.lv\/index.php?rest_route=\/wp\/v2\/types\/product"}],"wp:featuredmedia":[{"embeddable":true,"href":"https:\/\/mebelunams.lv\/index.php?rest_route=\/wp\/v2\/media\/13154"}],"wp:attachment":[{"href":"https:\/\/mebelunams.lv\/index.php?rest_route=%2Fwp%2Fv2%2Fmedia&parent=13145"}],"wp:term":[{"taxonomy":"product_cat","embeddable":true,"href":"https:\/\/mebelunams.lv\/index.php?rest_route=%2Fwp%2Fv2%2Fproduct_cat&post=13145"},{"taxonomy":"product_tag","embeddable":true,"href":"https:\/\/mebelunams.lv\/index.php?rest_route=%2Fwp%2Fv2%2Fproduct_tag&post=13145"}],"curies":[{"name":"wp","href":"https:\/\/api.w.org\/{rel}","templated":true}]}}