{"id":12712,"date":"2022-09-10T15:24:49","date_gmt":"2022-09-10T13:24:49","guid":{"rendered":"https:\/\/mebelunams.lv\/?post_type=product&#038;p=12712"},"modified":"2024-07-08T17:35:43","modified_gmt":"2024-07-08T15:35:43","slug":"darza-supulkresls-swing","status":"publish","type":"product","link":"https:\/\/mebelunams.lv\/?product=darza-supulkresls-swing","title":{"rendered":"d\u0101rza \u0161\u016bpu\u013ckr\u0113sls SWING"},"content":{"rendered":"<p>Preci iesp\u0113jams pas\u016bt\u012bt, zvanot uz tel. 20207488, vai ieg\u0101d\u0101ties veikal\u0101 Maskavas iel\u0101 322.<\/p>\n","protected":false},"excerpt":{"rendered":"<p>Piekaramais \u0161\u016bpu\u013ckr\u0113sls SWING, tum\u0161i pel\u0113ks. Lieliski piem\u0113rots<br \/>\niek\u0161pagalmiem vai verand\u0101m, k\u0101 ar\u012b iek\u0161telp\u0101m. Iztur\u012bg\u0101 t\u0113rauda k\u0101ja ir p\u0101rkl\u0101ta ar tum\u0161i pel\u0113ku<br \/>\npulvera p\u0101rkl\u0101jumu. Apa\u013c\u0101 groza s\u0113dek\u013ca t\u0113rauda r\u0101mis ir p\u0101rkl\u0101ts ar<br \/>\nplastmasas pinumu un tum\u0161i pel\u0113ku sint\u0113tisko auklu.<\/p>\n<p>Piekaram\u0101 kr\u0113sla kop\u0113jie izm\u0113ri ir 110x110xH204.<\/p>\n<p>Svara ierobe\u017eojums &#8211; 120kg.<\/p>\n<p>Produkts ir labi iztur\u012bgs pret main\u012bgiem laikapst\u0101k\u013ciem un viegli kopjams, tom\u0113r s\u0113dek\u013ca spilvenus b\u016btu ieteicams pasarg\u0101t no mitriem apst\u0101k\u013ciem, tos lietus laik\u0101 uzglab\u0101jot iek\u0161telp\u0101s vai p\u0101rsedzot.<\/p>\n<p>&nbsp;<\/p>\n<p>UZGLAB\u0100\u0160ANA: Vasaras sezonas beig\u0101s iesak\u0101m d\u0101rza m\u0113beles uzglab\u0101t telp\u0101s. Glab\u0101\u0161anai izmantojiet v\u0113su, sausu, labi v\u0113din\u0101mu<br \/>\ntelpu.<\/p>\n","protected":false},"featured_media":12714,"template":"","meta":{"neve_meta_sidebar":"","neve_meta_container":"","neve_meta_enable_content_width":"off","neve_meta_content_width":70,"neve_meta_title_alignment":"","neve_meta_author_avatar":"","neve_post_elements_order":"","neve_meta_disable_header":"","neve_meta_disable_footer":"","neve_meta_disable_title":""},"product_cat":[43],"product_tag":[],"_links":{"self":[{"href":"https:\/\/mebelunams.lv\/index.php?rest_route=\/wp\/v2\/product\/12712"}],"collection":[{"href":"https:\/\/mebelunams.lv\/index.php?rest_route=\/wp\/v2\/product"}],"about":[{"href":"https:\/\/mebelunams.lv\/index.php?rest_route=\/wp\/v2\/types\/product"}],"wp:featuredmedia":[{"embeddable":true,"href":"https:\/\/mebelunams.lv\/index.php?rest_route=\/wp\/v2\/media\/12714"}],"wp:attachment":[{"href":"https:\/\/mebelunams.lv\/index.php?rest_route=%2Fwp%2Fv2%2Fmedia&parent=12712"}],"wp:term":[{"taxonomy":"product_cat","embeddable":true,"href":"https:\/\/mebelunams.lv\/index.php?rest_route=%2Fwp%2Fv2%2Fproduct_cat&post=12712"},{"taxonomy":"product_tag","embeddable":true,"href":"https:\/\/mebelunams.lv\/index.php?rest_route=%2Fwp%2Fv2%2Fproduct_tag&post=12712"}],"curies":[{"name":"wp","href":"https:\/\/api.w.org\/{rel}","templated":true}]}}