{"id":12702,"date":"2022-09-10T15:22:02","date_gmt":"2022-09-10T13:22:02","guid":{"rendered":"https:\/\/mebelunams.lv\/?post_type=product&#038;p=12702"},"modified":"2024-07-05T17:54:46","modified_gmt":"2024-07-05T15:54:46","slug":"kresls-brad","status":"publish","type":"product","link":"https:\/\/mebelunams.lv\/?product=kresls-brad","title":{"rendered":"kr\u0113sls BRAD"},"content":{"rendered":"<p>Preci iesp\u0113jams pas\u016bt\u012bt, zvanot uz tel. 20207488, vai ieg\u0101d\u0101ties veikal\u0101 Maskavas iel\u0101 322.<\/p>\n","protected":false},"excerpt":{"rendered":"<p>K\u0101ju materi\u0101ls-met\u0101ls<br \/>\nPolster\u0113jums-audums<br \/>\npolster\u0113juma kr\u0101sa-latte<br \/>\nPlatums (cm)-54<br \/>\nDzi\u013cums (cm)-55<br \/>\nAugstums (cm)-84<\/p>\n","protected":false},"featured_media":12703,"template":"","meta":{"neve_meta_sidebar":"","neve_meta_container":"","neve_meta_enable_content_width":"off","neve_meta_content_width":70,"neve_meta_title_alignment":"","neve_meta_author_avatar":"","neve_post_elements_order":"","neve_meta_disable_header":"","neve_meta_disable_footer":"","neve_meta_disable_title":""},"product_cat":[46],"product_tag":[],"_links":{"self":[{"href":"https:\/\/mebelunams.lv\/index.php?rest_route=\/wp\/v2\/product\/12702"}],"collection":[{"href":"https:\/\/mebelunams.lv\/index.php?rest_route=\/wp\/v2\/product"}],"about":[{"href":"https:\/\/mebelunams.lv\/index.php?rest_route=\/wp\/v2\/types\/product"}],"wp:featuredmedia":[{"embeddable":true,"href":"https:\/\/mebelunams.lv\/index.php?rest_route=\/wp\/v2\/media\/12703"}],"wp:attachment":[{"href":"https:\/\/mebelunams.lv\/index.php?rest_route=%2Fwp%2Fv2%2Fmedia&parent=12702"}],"wp:term":[{"taxonomy":"product_cat","embeddable":true,"href":"https:\/\/mebelunams.lv\/index.php?rest_route=%2Fwp%2Fv2%2Fproduct_cat&post=12702"},{"taxonomy":"product_tag","embeddable":true,"href":"https:\/\/mebelunams.lv\/index.php?rest_route=%2Fwp%2Fv2%2Fproduct_tag&post=12702"}],"curies":[{"name":"wp","href":"https:\/\/api.w.org\/{rel}","templated":true}]}}