{"id":10386,"date":"2021-11-19T11:43:49","date_gmt":"2021-11-19T09:43:49","guid":{"rendered":"https:\/\/mebelunams.lv\/?post_type=product&#038;p=10386"},"modified":"2023-08-16T21:38:32","modified_gmt":"2023-08-16T19:38:32","slug":"matracis-comfort-3","status":"publish","type":"product","link":"https:\/\/mebelunams.lv\/?product=matracis-comfort-3","title":{"rendered":"matracis Comfort"},"content":{"rendered":"","protected":false},"excerpt":{"rendered":"<table border=\"0\" cellspacing=\"0\" cellpadding=\"0\">\n<tbody>\n<tr>\n<td colspan=\"4\">1. Pie\u013caujam\u0101 past\u0101v\u012bg\u0101 slodze uz vienu gu\u013camvietu 120 kg.<\/td>\n<\/tr>\n<tr>\n<td colspan=\"3\">2. Ortop\u0113diskais efekts<\/td>\n<td><\/td>\n<\/tr>\n<tr>\n<td colspan=\"4\">3. Neatkar\u012bgas atsperes Pocket 130 mm<\/td>\n<\/tr>\n<tr>\n<td colspan=\"4\">4. Sertific\u0113ts CertiPur poliuret\u0101ns<\/td>\n<\/tr>\n<tr>\n<td colspan=\"3\">5. Divpus\u012bgs Matracis<\/td>\n<td><\/td>\n<\/tr>\n<tr>\n<td colspan=\"4\">6. Elast\u012bgs poliuretana sl\u0101nis 20mm (viena puse)<\/td>\n<\/tr>\n<tr>\n<td colspan=\"4\">7. Paaugstin\u0101tas elast\u012bbas\u00a0 CertiPur poliuret\u0101ns 24mm (otra puse)<\/td>\n<\/tr>\n<tr>\n<td colspan=\"4\">8. Matra\u010da augstums 160 mm<\/td>\n<\/tr>\n<\/tbody>\n<\/table>\n","protected":false},"featured_media":10381,"template":"","meta":{"neve_meta_sidebar":"","neve_meta_container":"","neve_meta_enable_content_width":"off","neve_meta_content_width":70,"neve_meta_title_alignment":"","neve_meta_author_avatar":"","neve_post_elements_order":"","neve_meta_disable_header":"","neve_meta_disable_footer":"","neve_meta_disable_title":""},"product_cat":[50],"product_tag":[],"_links":{"self":[{"href":"https:\/\/mebelunams.lv\/index.php?rest_route=\/wp\/v2\/product\/10386"}],"collection":[{"href":"https:\/\/mebelunams.lv\/index.php?rest_route=\/wp\/v2\/product"}],"about":[{"href":"https:\/\/mebelunams.lv\/index.php?rest_route=\/wp\/v2\/types\/product"}],"wp:featuredmedia":[{"embeddable":true,"href":"https:\/\/mebelunams.lv\/index.php?rest_route=\/wp\/v2\/media\/10381"}],"wp:attachment":[{"href":"https:\/\/mebelunams.lv\/index.php?rest_route=%2Fwp%2Fv2%2Fmedia&parent=10386"}],"wp:term":[{"taxonomy":"product_cat","embeddable":true,"href":"https:\/\/mebelunams.lv\/index.php?rest_route=%2Fwp%2Fv2%2Fproduct_cat&post=10386"},{"taxonomy":"product_tag","embeddable":true,"href":"https:\/\/mebelunams.lv\/index.php?rest_route=%2Fwp%2Fv2%2Fproduct_tag&post=10386"}],"curies":[{"name":"wp","href":"https:\/\/api.w.org\/{rel}","templated":true}]}}