{"id":1020,"date":"2020-09-07T16:44:04","date_gmt":"2020-09-07T14:44:04","guid":{"rendered":"http:\/\/mebelunams.lv\/?post_type=product&#038;p=1020"},"modified":"2022-11-04T21:18:04","modified_gmt":"2022-11-04T19:18:04","slug":"koka-izvelkamais-galds-250","status":"publish","type":"product","link":"https:\/\/mebelunams.lv\/?product=koka-izvelkamais-galds-250","title":{"rendered":"koka izvelkamais galds 250"},"content":{"rendered":"","protected":false},"excerpt":{"rendered":"<p><strong>Materi\u0101ls: B\u0113rzs<\/strong><\/p>\n<p><strong>\u2192 (garums)<\/strong> : 170- 250 cm<\/p>\n<p><strong>\u2191 (augstums)<\/strong> : 74 cm<\/p>\n<p><strong>\/ (dzi\u013cums)<\/strong> : 90 cm<\/p>\n<p>&nbsp;<\/p>\n<p><strong>\u00a0Pieejams da\u017e\u0101dos to\u0146os.<\/strong><\/p>\n<p><span style=\"color: #ff0000;\">Cenu l\u016bdzam saska\u0146ot veikal\u0101 vai zvanot uz tel. 20207488.<\/span><\/p>\n","protected":false},"featured_media":7518,"template":"","meta":{"neve_meta_sidebar":"","neve_meta_container":"","neve_meta_enable_content_width":"off","neve_meta_content_width":70,"neve_meta_title_alignment":"","neve_meta_author_avatar":"","neve_post_elements_order":"","neve_meta_disable_header":"","neve_meta_disable_footer":"","neve_meta_disable_title":""},"product_cat":[35],"product_tag":[],"_links":{"self":[{"href":"https:\/\/mebelunams.lv\/index.php?rest_route=\/wp\/v2\/product\/1020"}],"collection":[{"href":"https:\/\/mebelunams.lv\/index.php?rest_route=\/wp\/v2\/product"}],"about":[{"href":"https:\/\/mebelunams.lv\/index.php?rest_route=\/wp\/v2\/types\/product"}],"wp:featuredmedia":[{"embeddable":true,"href":"https:\/\/mebelunams.lv\/index.php?rest_route=\/wp\/v2\/media\/7518"}],"wp:attachment":[{"href":"https:\/\/mebelunams.lv\/index.php?rest_route=%2Fwp%2Fv2%2Fmedia&parent=1020"}],"wp:term":[{"taxonomy":"product_cat","embeddable":true,"href":"https:\/\/mebelunams.lv\/index.php?rest_route=%2Fwp%2Fv2%2Fproduct_cat&post=1020"},{"taxonomy":"product_tag","embeddable":true,"href":"https:\/\/mebelunams.lv\/index.php?rest_route=%2Fwp%2Fv2%2Fproduct_tag&post=1020"}],"curies":[{"name":"wp","href":"https:\/\/api.w.org\/{rel}","templated":true}]}}