{"id":1014,"date":"2020-09-07T16:33:52","date_gmt":"2020-09-07T14:33:52","guid":{"rendered":"http:\/\/mebelunams.lv\/?post_type=product&#038;p=1014"},"modified":"2023-12-15T21:24:57","modified_gmt":"2023-12-15T19:24:57","slug":"virtuves-ar-blum-un-gola-furnituru","status":"publish","type":"product","link":"https:\/\/mebelunams.lv\/?product=virtuves-ar-blum-un-gola-furnituru","title":{"rendered":"Virtuves ar BLUM un GOLA furnit\u016bru."},"content":{"rendered":"","protected":false},"excerpt":{"rendered":"<p><span class=\"metaText\">Da\u017e\u0101das kr\u0101sas, materi\u0101li.<\/span><\/p>\n<p><span class=\"metaText\">Iesp\u0113jama m\u0113r\u012b\u0161ana, uzst\u0101d\u012b\u0161ana.<\/span><\/p>\n<h4><a href=\"https:\/\/mebelunams.lv\/wp-content\/uploads\/2020\/09\/katalogs.pdf\">katalogs (spiest \u0161eit)<\/a><\/h4>\n<h4><a href=\"https:\/\/mebelunams.lv\/wp-content\/uploads\/2020\/09\/tehniska_specifikacija.pdf\">tehnisk\u0101_specifik\u0101cija (spiest \u0161eit)<\/a><\/h4>\n","protected":false},"featured_media":8179,"template":"","meta":{"neve_meta_sidebar":"","neve_meta_container":"","neve_meta_enable_content_width":"off","neve_meta_content_width":100,"neve_meta_title_alignment":"","neve_meta_author_avatar":"","neve_post_elements_order":"","neve_meta_disable_header":"","neve_meta_disable_footer":"","neve_meta_disable_title":""},"product_cat":[3272],"product_tag":[],"_links":{"self":[{"href":"https:\/\/mebelunams.lv\/index.php?rest_route=\/wp\/v2\/product\/1014"}],"collection":[{"href":"https:\/\/mebelunams.lv\/index.php?rest_route=\/wp\/v2\/product"}],"about":[{"href":"https:\/\/mebelunams.lv\/index.php?rest_route=\/wp\/v2\/types\/product"}],"wp:featuredmedia":[{"embeddable":true,"href":"https:\/\/mebelunams.lv\/index.php?rest_route=\/wp\/v2\/media\/8179"}],"wp:attachment":[{"href":"https:\/\/mebelunams.lv\/index.php?rest_route=%2Fwp%2Fv2%2Fmedia&parent=1014"}],"wp:term":[{"taxonomy":"product_cat","embeddable":true,"href":"https:\/\/mebelunams.lv\/index.php?rest_route=%2Fwp%2Fv2%2Fproduct_cat&post=1014"},{"taxonomy":"product_tag","embeddable":true,"href":"https:\/\/mebelunams.lv\/index.php?rest_route=%2Fwp%2Fv2%2Fproduct_tag&post=1014"}],"curies":[{"name":"wp","href":"https:\/\/api.w.org\/{rel}","templated":true}]}}